 s + d. What is the greatest common divisor of r and 33?
3
Let n = -6229 - -6251. Calculate the highest common factor of 1199 and n.
11
Let a(n) = 12*n - 9. Let h be a(7). Suppose -2 = -4*x + 198. What is the highest common divisor of x and h?
25
Let x(w) = -w. Let n(z) = -6*z**2 - z - 1. Let h(f) = -n(f) + 3*x(f). Let v be h(-6). Suppose 8*t - 323 = v. Calculate the highest common divisor of 46 and t.
23
Let g(z) = -2*z + 126. Let q be g(0). Let c = 167 - q. Let a = c - 11. Calculate the highest common factor of a and 12.
6
Suppose -2*f + 2*q - 241 = f, 0 = -f + 5*q - 89. Let i = f + 215. Calculate the greatest common factor of i and 17.
17
Suppose 11*b = 9292 - 6542. What is the highest common factor of 525 and b?
25
Suppose -22*s + 176*s - 18204 = 46476. Calculate the greatest common factor of 180 and s.
60
Let c = -29522 - -29597. Suppose -400 = -2*b - 2*b. Calculate the highest common factor of b and c.
25
Let x(g) = -g**3 - 17*g**2 - 36*g - 45. Suppose 3*b = 3*o - 54, 5*b - 2*o + 51 = -30. Let m be x(b). What is the greatest common factor of 60 and m?
15
Let z = 3039 + -2724. What is the greatest common divisor of 140 and z?
35
Let t(k) = k**2 + 355*k + 1444. Let p be t(-4). Let x = 48 + -24. Calculate the greatest common divisor of p and x.
8
Suppose 28 - 104 = -4*z. Suppose 349*s = 335*s + 798. Calculate the greatest common divisor of z and s.
19
Let w = -2509 + 2548. What is the greatest common divisor of w and 90?
3
Let s(p) = 2*p. Let r(u) = 18. Let t(n) = r(n) + 10*s(n). Let a be t(4). Calculate the highest common factor of a and 28.
14
Let s(z) = 11*z**2 - 14*z + 43. Let l be s(4). Let t = 175 - l. Calculate the greatest common divisor of 516 and t.
12
Let v(w) = w**2 + 6*w + 8. Let b be v(-5). Let a = 6 - b. Suppose -a*k + 1123 = k - 5*q, 3*q - 1450 = -5*k. Calculate the greatest common divisor of k and 41.
41
Let t be 2/(-2 + 5 + -1). Let n be (1/t - 26)*-1. Let y = -44 - -244. What is the greatest common factor of n and y?
25
Let m(d) = -d**3 - 26*d**2 - 50*d - 37. Let v be m(-24). Let s = 101 + -100. What is the highest common divisor of s and v?
1
Suppose 35 - 7 = 4*n. Let z(t) = -41*t**2 - 283*t + 35. Let b be z(-7). What is the highest common divisor of b and n?
7
Suppose 3*o = o - 2*g - 88, -o - 34 = 3*g. Let h be 6/(-21) - 455/o. Suppose 2*x + 1 = h. What is the greatest common factor of x and 44?
4
Let z(t) = 23 + 0*t + 18 - t + 0*t. Let x be z(14). What is the highest common divisor of x and 81?
27
Let t = -16557 - -16887. Let z be (20/(-15))/((-2)/3). Suppose z*m + 30 = 3*m. Calculate the highest common divisor of m and t.
30
Suppose 0 = -2539*z + 2494*z + 765. Calculate the highest common divisor of 487 and z.
1
Let j(p) = 11*p + 190. Let o be j(-14). Suppose 5*m - v = v - 14858, 3*m = -3*v - 8898. Let b be (-24)/5*m/o. Calculate the highest common factor of b and 36.
36
Let h = -8079 + 8613. Calculate the highest common factor of h and 78.
6
Suppose -3*c + 13 = 4*p, -6*p - 3*c = -9*p + 15. Let f be p/5 - (824/(-20) + -3). What is the highest common factor of 30 and f?
15
Let x be -2 - 197*(-3 + 1). Suppose -53*m + 32*m + 588 = 0. Calculate the highest common divisor of m and x.
28
Suppose 0*i - 308 = -2*i. Let o = -12175 - -12231. What is the highest common factor of i and o?
14
Let s(v) = 26*v - 450. Let j be s(21). Calculate the greatest common divisor of 21 and j.
3
Let k(h) = 334*h - 986. Let o be k(4). What is the greatest common divisor of 125 and o?
25
Let p(t) = 5*t**2 - 28*t + 81. Let l be p(3). What is the greatest common factor of 21672 and l?
42
Suppose 0 = 4*l - o - 68, -6*l + 3*l - o + 51 = 0. Suppose -l = -4*y + 7. Let b be (10/4 - 1)*12/6. Calculate the highest common factor of y and b.
3
Suppose 25 = 5*d, -5*f + 0*d + 25 = d. Suppose 38 = f*q - 82. Let n be 94/4 + q/(-20). Calculate the highest common divisor of n and 22.
22
Let h = 731 - 42. Suppose 0 = -8*g + h + 991. What is the highest common divisor of 70 and g?
70
Let y(d) = 30*d - 94*d + 29*d + 34*d - 1 + 12*d**2. Let i(k) = k - 4. Let m be i(3). Let l be y(m). What is the greatest common divisor of 4 and l?
4
Suppose 0 = w - 4*w - m - 34, 5*m = 5*w + 50. Let h(t) = -2*t**3 - 20*t**2 - 9*t - 1. Let k be h(w). What is the highest common factor of 255 and k?
85
Let x(l) = -l**2 - 3*l + 21. Let a be x(0). Let s = 115 - a. Let u = -92 + s. Calculate the highest common factor of u and 18.
2
Let z = 195 + 1635. What is the highest common divisor of z and 60?
30
Suppose 46404 = 14699*a - 14698*a. Calculate the greatest common factor of 12 and a.
12
Let g = 8 - 7. Let f be g*(-26)/(-2) - 4. Suppose 3*h + 102 = f*h. Calculate the highest common divisor of 187 and h.
17
Let u = 3415 + -3414. Calculate the highest common factor of 461 and u.
1
Let b = 44 - 42. Let j(u) = -u + 11. Let o(c) = 1. Let d(m) = j(m) - 6*o(m). Let f be d(-17). What is the highest common factor of f and b?
2
Suppose 3*v + 4*z - 226 = 0, -3*v + 16*z + 251 = 15*z. Let o(c) = -18*c + 326. Let w be o(18). Calculate the greatest common factor of v and w.
2
Let s be -396*1/(36/(-24)). Suppose -4*h = 4*d - 116, -3*d - 33 = -4*h + 2*h. What is the highest common factor of s and h?
24
Let i(d) = -4*d**3 + d**2 + 5*d + 9. Let v = -162 + 159. Let t be i(v). What is the greatest common divisor of 296 and t?
37
Let v(o) = 5*o**2 + 9*o + 88. Let l(p) = 7*p**2 + 9*p + 88. Let y(g) = 3*l(g) - 4*v(g). Let h be y(15). What is the highest common factor of 11 and h?
1
Let b = -9148 - -9203. Let f(p) = -2*p + 2*p**3 - 6*p + 4*p**2 + p**3 - 1 + 6*p. Let w be f(3). What is the greatest common factor of w and b?
55
Let a = 40038 - 40010. Let p be (-2)/8 - (-2859)/12. Calculate the greatest common factor of p and a.
14
Let q be (-2)/5 + (-141)/(-15). Let s be 110/8 - q/12. Let y(d) = 2*d**2 + 14*d - 8. Let f be y(-10). Calculate the greatest common factor of f and s.
13
Let x(p) = -2*p**2 - 7*p - 116. Let v be x(15). Let o = -595 - v. Calculate the highest common factor of 171 and o.
19
Suppose -2*i + 4*i = 36. Let r be 13 + 5805/(-450) - 1078/(-20). Calculate the greatest common factor of r and i.
18
Suppose -19*h + 34661 - 21528 + 43392 = 0. Calculate the highest common factor of 1547 and h.
119
Suppose 36 + 18 = 9*w. Suppose -d = -g - 5, w - 2 = -d - 2*g. Let r be d*(1/(-3))/((-5)/105). What is the highest common factor of 14 and r?
14
Let y(g) = 3*g**2 + 10*g - 16. Suppose -66*d = -64*d - 4. Let t be y(d). What is the highest common factor of t and 56?
8
Suppose w - 2*b = -28 + 50, 0 = -4*w + 2*b + 76. Let d be w - ((-2)/(-12) + (-104)/48). What is the greatest common divisor of d and 940?
20
Let d be (-3 + (-33)/(-7))/((-75)/(-3150)). What is the highest common factor of d and 261?
9
Let b be 38/133 + 36024/42. Calculate the greatest common divisor of b and 13.
13
Suppose -180 = -4*c - 0*c. Suppose 0 = 8*z - 3*z - c. Let a(s) = s**3 - 7*s**2 - 12*s - 12. Let n be a(z). What is the greatest common divisor of n and 105?
21
Suppose 365 + 531 = 16*l. Calculate the greatest common divisor of 63 and l.
7
Suppose 4*z - 8 = 8*z. Let h be 4*z/(-8)*3. Suppose 2*n - 181 = 3*q - 43, -n + h*q + 72 = 0. Calculate the greatest common divisor of 44 and n.
22
Let l be -54*12/45*10/24*-6. Suppose 468 = -2*a + 3*a. What is the greatest common divisor of a and l?
36
Let o(n) = -2761 - 4*n**2 + 2828 + 5*n**2. Let s be o(22). Calculate the greatest common divisor of 29 and s.
29
Let x be (-5 + 2*-1)/(-1). Let t = 1 + x. Suppose 2843 = 32*k - 2695 + 4898. Calculate the highest common divisor of k and t.
4
Let d(c) = -c - 5. Let u be d(-10). Suppose u*k + k = 60. What is the greatest common divisor of 10 and k?
10
Let d(t) = 276*t - 1. Let v be d(2). Suppose u - 5*f - 273 = -2*f, 2*u - 5*f = v. Suppose 44*x - u = 40*x. Calculate the highest common factor of 108 and x.
36
Let s(x) = -2*x**2 + 15*x + 2. Let y be s(8). Let g be 2*(3 + 12/(-3)). Let u be (g - y/5)/((-14)/35). Calculate the highest common divisor of u and 4.
2
Let w = 52 - 57. Let l(d) = -11*d - 34. Let p be l(w). What is the greatest common factor of 168 and p?
21
Suppose -15 = 3*y, 7705*y - 7701*y + 155835 = 5*w. What is the greatest common divisor of w and 11?
11
Suppose -4*p - 76 = -5*d, 2*d + 3*p - 36 = -p. Let q = -19 + 75. What is the greatest commo